-114
Let q(w) = -w**3 + w**2 - 3*w + 2. What is q(0)?
2
Let l(n) = -n**2 - 21*n + 39. Determine l(-23).
-7
Let z(n) = n**2 + 7*n - 4. Calculate z(-6).
-10
Let h(d) = 7*d + 2. Determine h(-4).
-26
Let a(k) = -k**3 + k**2 + 2*k + 13. What is a(0)?
13
Let x(r) = 2*r**2 + 35*r + 11. Determine x(-17).
-6
Let s(n) = -n**3 + 4*n + 4. Determine s(3).
-11
Let m(h) = -4*h**2 + 109*h - 131. What is m(26)?
-1
Let s(l) = -19*l**2 + 6*l + 1. Give s(3).
-152
Let n(p) = p**2 + 10*p - 5. Calculate n(-11).
6
Let d(y) = y**2 - 3*y - 5. Calculate d(5).
5
Let j(v) = v - 23. Calculate j(17).
-6
Let d(p) = p**2 + 5*p - 60. Determine d(6).
6
Let h(c) = 4*c**2 + 9*c - 11. Give h(-5).
44
Let m(g) = 2*g - 30. Give m(7).
-16
Let p(b) = b**2 + 19*b + 1. Determine p(-19).
1
Let l(y) = -y**2 + 9*y - 11. Determine l(6).
7
Let g(h) = -2*h + 1. Determine g(4).
-7
Let o(l) = l**3 + 6*l**2 + l - 51. Give o(0).
-51
Let r(j) = -2*j - 7. Determine r(-7).
7
Let q(x) = -x**3 + 3*x**2 + 4*x + 4. Determine q(4).
4
Let f(k) = k**3 - 4*k**2 + 4*k - 4. Determine f(4).
12
Let l(x) = x**3 + 23*x**2 - 52*x - 44. Determine l(-25).
6
Let x(q) = q**3 - 2*q**2 - 4*q + 13. Give x(3).
10
Let j(o) = -o**2 + 2*o + 5. Give j(6).
-19
Let p(o) = -10*o. Calculate p(-1).
10
Let b(y) = 11*y - 10. Give b(-5).
-65
Let i(b) = b**3 - 4*b**2 - 9*b - 10. Give i(6).
8
Let c(q) = q**2 + 33*q - 162. Determine c(-37).
-14
Let c(i) = -4*i**3 - 3*i**2 - 34*i - 32. Give c(-1).
3
Let f(a) = 12*a + 25. Give f(6).
97
Let k(j) = j**2 - 20*j + 8. Give k(18).
-28
Let p(v) = v**3 + 16*v**2 - 31*v + 26. Give p(-18).
-64
Let f(u) = -u - 4. Give f(0).
-4
Let h(k) = 3*k**2 - 29*k + 11. Determine h(9).
-7
Let i(j) = j**3 + 6*j**2 - 10*j - 33. Give i(-7).
-12
Let x(v) = -20*v - 1. Calculate x(-4).
79
Let g(v) = v**2 - 11*v + 18. What is g(12)?
30
Let k(y) = -2*y**3 + 8*y + 5. What is k(-2)?
5
Let i(w) = 28*w**2 + w - 1. Calculate i(1).
28
Let m(k) = -4*k**3 - 4*k**2 - 6*k - 1. What is m(-1)?
5
Let p(r) = -17*r + 7. Determine p(6).
-95
Let g(j) = j**3 + 3*j**2 - j - 9. Calculate g(-3).
-6
Let q(y) = y - 10. Calculate q(9).
-1
Let w(b) = 86*b - 261. Calculate w(3).
-3
Let x(a) = -8*a**3 + 2*a + 1. What is x(-1)?
7
Let l(y) = y**2 + 7*y - 9. Give l(-8).
-1
Let i(m) = m**3 + 6*m**2 + 2*m - 6. What is i(-5)?
9
Let y(v) = v**2 - 2*v - 3. Determine y(-1).
0
Let x(o) = 5*o + 6. Determine x(-4).
-14
Let b(d) = 17*d**2 - 122*d + 7. What is b(7)?
-14
Let t(u) = u - 9. Give t(7).
-2
Let z(l) = -l**3 - l**2 + 5*l + 2. Give z(-3).
5
Let r(s) = 30*s - 264. Give r(9).
6
Let a(x) = -x**3 - 13*x**2 - 10*x + 32. What is a(-12)?
8
Let f(k) = -k**2 - 18*k + 24. What is f(-17)?
41
Let z(r) = r**3 - 11*r**2 + 6*r - 6. Determine z(10).
-46
Let h(p) = 18*p - 58. Determine h(3).
-4
Let h(j) = -j**2 + 76*j + 148. Give h(-2).
-8
Let w(n) = -n**3 + 3*n**2 + n - 1. Give w(4).
-13
Let s(t) = -t**2 - 7*t + 23. What is s(-8)?
15
Let w(h) = -10*h**2 - 4*h + 12. Determine w(2).
-36
Let a(o) = 3*o + 18. Give a(-3).
9
Let k(h) = 2*h + 13. Calculate k(11).
35
Let s(m) = 11*m**2 + 1. Calculate s(-1).
12
Let x(i) = -3*i + 8. Give x(5).
-7
Let y(v) = v**2 - 9*v + 5. Determine y(9).
5
Let v(r) = -r**2 - r - 4. Give v(-3).
-10
Let f(i) = i + 4. Determine f(2).
6
Let i(v) = -32*v + 245. Calculate i(8).
-11
Let d(l) = -2*l**2 - 13*l + 26. Calculate d(-8).
2
Let a(o) = 12*o + 36. Give a(-3).
0
Let x(w) = 20*w**3 + 7*w**2 - w - 1. What is x(-1)?
-13
Let f(o) = -o**2 + 3*o + 8. Calculate f(-6).
-46
Let c(k) = 2*k**2 + 42*k + 22. Determine c(-20).
-18
Let p(z) = -16*z. What is p(1)?
-16
Let x(k) = k**2 + 11*k + 38. Determine x(-7).
10
Let t(y) = -y**2 + 3*y + 8. Give t(8).
-32
Let y(d) = d**2 - 18*d - 6. Determine y(6).
-78
Let x(c) = c**2 - 6*c - 34. Calculate x(9).
-7
Let m(b) = b**3 + 10*b**2 - b + 5. What is m(-8)?
141
Let a(l) = -l**3 - 8*l**2 - 9*l - 21. Determine a(-7).
-7
Let q(k) = -k**2 + 6*k - 10. Give q(3).
-1
Let h(l) = -87*l**2 - 4*l - 3. What is h(-1)?
-86
Let t(a) = a**2 - 14*a + 22. Determine t(15).
37
Let r(i) = -i**3 + 8*i**2 - 5*i - 5. Give r(8).
-45
Let m(q) = -q + 13. Calculate m(0).
13
Let o(t) = 3*t**2 - 8*t + 6. Determine o(5).
41
Let k(q) = 5*q - 7. Calculate k(-9).
-52
Let h(q) = 29*q + 22. Determine h(-1).
-7
Let u(n) = n**3 + 3*n**2 + 4*n. Give u(-3).
-12
Let a(q) = -q**3 + 15*q**2 + 13. Determine a(15).
13
Let k(d) = 3*d**3 + 28*d**2 + 8*d - 21. Give k(-9).
-12
Let x(f) = 16*f + 41. Determine x(-3).
-7
Let d(t) = -t**2 + 25*t - 38. Determine d(19).
76
Let m(h) = -4*h + 35. Determine m(10).
-5
Let z(f) = 2*f**2 + 7*f + 8. What is z(-4)?
12
Let j(z) = z**3 - 5*z**2 - 3*z - 3. What is j(3)?
-30
Let l(k) = k**3 - 10*k**2 + 11*k - 22. What is l(9)?
-4
Let x(u) = -u**2 + 3*u + 18. Determine x(-9).
-90
Let o(w) = 34*w**3 + 2*w**2 + w - 2. What is o(1)?
35
Let t(l) = 2*l**2 - 21*l - 8. What is t(10)?
-18
Let l(m) = -6*m**2 - 35*m - 25. Give l(-5).
0
Let w(c) = 6*c**2 - c + 2. Give w(1).
7
Let v(z) = -2*z**2 - 13*z - 14. Give v(-4).
6
Let k(m) = -m**3 - 12*m**2 + 11*m - 12. Give k(-13).
14
Let h(a) = -a**3 - 3*a**2 + 15*a - 12. Calculate h(-6).
6
Let k(s) = -72*s + 1. Determine k(-2).
145
Let o(x) = 7*x + 14. Calculate o(-7).
-35
Let n(a) = -11*a - 2. What is n(-1)?
9
Let f(b) = -2*b**2 - 27*b. What is f(-14)?
-14
Let t(i) = -6*i + 49. Determine t(10).
-11
Let m(a) = a**2 + 4*a - 11. Calculate m(-5).
-6
Let h(d) = -9*d - 5. Calculate h(3).
-32
Let c(v) = -v**3 + 56*v**2 - 205*v - 161. Give c(52).
-5
Let x(r) = -r - 7. Calculate x(-6).
-1
Let y(p) = -p**2 - 9*p + 5. Give y(-8).
13
Let p(x) = x + 24. Calculate p(-15).
9
Let s(b) = -b**2 - 3*b + 2. Determine s(-9).
-52
Let h(y) = -y**3 - 5*y**2 + 11*y + 8. Determine h(-7).
29
Let l(k) = -6*k**2 + 47*k - 61. What is l(6)?
5
Let g(t) = -t**3 + 6*t**2 + 7*t - 11. What is g(4)?
49
Let q(x) = 16*x - 381. Give q(25).
19
Let j(x) = -10*x + 5. Determine j(1).
-5
Let o(j) = 5*j + 104. What is o(-18)?
14
Let i(j) = -11*j + 3. What is i(2)?
-19
Let v(t) = -5*t + 130. What is v(25)?
5
Let f(z) = z**2 - 3*z + 4. What is f(6)?
22
Let h(i) = i**2 + 2*i - 12. Calculate h(-5).
3
Let d(v) = v - 2. Calculate d(-11).
-13
Let v(m) = m**3 - 6*m**2 - 7*m + 3. Determine v(7).
3
Let o(c) = -5*c + 7. Give o(11).
-48
Let p(w) = w**2 + 2*w - 5. What is p(-5)?
10
Let s(j) = -j**3 - 5*j**2 + 11*j + 27. Determine s(-6).
-3
Let z(g) = -4*g - 57. Determine z(-7).
-29
Let k(c) = c**2 + 22*c + 57. Give k(-18).
-15
Let t(y) = -y**3 - 12*y**2 - y + 4. Calculate t(-12).
16
Let b(p) = 2*p**3 + p**2 - p + 1. What is b(2)?
19
Let p(o) = -o**3 - 5*o**2 - 6*o - 6. Determine p(-3).
-6
Let m(n) = -n**2 - 4*n + 10. Give m(-7).
-11
Let n(c) = -17*c**2 + c + 2. Determine n(-1).
-16
Let k(l) = -l**2 + 28*l - 40. Determine k(28).
-40
Let f(g) = 2*g + 60. What is f(0)?
60
Let f(o) = -o**2 + 5*o + 47. Calculate f(-6).
-19
Let y(a) = a**3 - 4*a + 3. Determine y(1).
0
Let c(v) = 15*v**2 - v - 1. Give c(-1).
15
Let n(g) = 6*g + 55. What is n(-8)?
7
Let k(v) = -40*v - 42. Give k(-1).
-2
Let a(x) = -x**3 + 4*x**2 - 5*x + 10. Give a(4).
-10
Let y(s) = -3*s**2 - 44*s - 20. What is y(-15)?
-35
Let o(x) = -x**3 + 40*x**2 - 44*x + 183. What is o(39)?
-12
Let w(x) = 51*x - 173. Determine w(4).
31
Let a(z) = z**3 + 7*z**2 + 104*z + 732. Calculate a(-7).
4
Let m(g) = 2*g**3 - 12*g + 15. Calculate m(2).
7
Let n(w) = 6*w**3 - 9*w + 8. Calculate n(1).
5
Let q(r) = 2*r**2 - 105*r + 144. Give q(51).
-9
Let x(v) = 2*v**2 - 20*v - 16. What is x(11)?
6
Let d(j) = j**2 + j - 29. What is d(5)?
1
Let w(z) = -z**3 - 16*z**2 + 18*z + 17. Calculate w(-17).
0
Let y(h) = h**3 + 9*h**2 + 3*h + 4. What is y(-8)?
44
Let n(g) = 3*g + 1. Calculate n(-3).
-8
Let u(k) = 2*k**3 - 7*k**2 - 5*k + 5. Give u(4).
1
Let n(v) = 5*v**3 - v**2 - 2*v - 1. What is n(-1)?
-5
Let y(s) = -s**3 - 4*s**2 - 4*s - 3. Calculate y(-2).
-3
Let r(m) = m**3 - 6*m**2 - 29*m + 176. Calculate r(5).
6
Let t(j) = 2*j**2 + 49*j - 12. Determine t(-25).
13
Let m(d) = -4*d - 3. Give m(7).
-31
Let l(n) = -n**3 + 31*n**2 + 2*n - 59. Give l(31).
3
Let s(g) = g**2 - 30*g + 148. What is s(23)?
-13
Let y(j) = 2*j + 8. Calculate y(-10).
-12
Let w(m) = -m + 6. What is w(5)?
1
Let k(z) = -z**3 + 7*z**2 + 6*z - 2. Calculate k(8).
-18
Let a(r) = -r**2 + r + 37. Give a(7).
-5
Let f(x) = 4*x**2 + 2*x - 1. Give f(-3).
29
Let k(r) = 3*r**3